{"id":11,"date":"2021-07-21T09:34:41","date_gmt":"2021-07-21T12:34:41","guid":{"rendered":"https:\/\/www.patrimonioolladecaldera.cl\/?page_id=11"},"modified":"2021-11-11T10:15:49","modified_gmt":"2021-11-11T13:15:49","slug":"pagina-principal","status":"publish","type":"page","link":"https:\/\/www.patrimonioolladecaldera.cl\/","title":{"rendered":"Olla de Caldera"},"content":{"rendered":"\r\n<div class=\"wp-block-image\">\r\n<figure class=\"aligncenter size-large\"><img loading=\"lazy\" decoding=\"async\" width=\"1024\" height=\"683\" class=\"wp-image-47\" src=\"https:\/\/www.patrimonioolladecaldera.cl\/wp-content\/uploads\/2021\/07\/20210629-OllaDeCaldera_0137-Personalizado-1024x683.jpg\" alt=\"\" srcset=\"https:\/\/www.patrimonioolladecaldera.cl\/wp-content\/uploads\/2021\/07\/20210629-OllaDeCaldera_0137-Personalizado-1024x683.jpg 1024w, https:\/\/www.patrimonioolladecaldera.cl\/wp-content\/uploads\/2021\/07\/20210629-OllaDeCaldera_0137-Personalizado-300x200.jpg 300w, https:\/\/www.patrimonioolladecaldera.cl\/wp-content\/uploads\/2021\/07\/20210629-OllaDeCaldera_0137-Personalizado-768x512.jpg 768w, https:\/\/www.patrimonioolladecaldera.cl\/wp-content\/uploads\/2021\/07\/20210629-OllaDeCaldera_0137-Personalizado-1536x1024.jpg 1536w, https:\/\/www.patrimonioolladecaldera.cl\/wp-content\/uploads\/2021\/07\/20210629-OllaDeCaldera_0137-Personalizado.jpg 1920w\" sizes=\"auto, (max-width: 1024px) 100vw, 1024px\" \/><\/figure>\r\n<\/div>\r\n\r\n\r\n\r\n<p class=\"has-text-align-center\">A pesar de los avances tecnol\u00f3gicos y la conectividad en la que vivimos hoy, donde casi no hay zonas desconocidas, a\u00fan existen espacios que a pesar de su larga historia contin\u00faan en un limbo geogr\u00e1fico. Zonas que los cambios tecnol\u00f3gicos en el transporte las marginalizaron, conden\u00e1ndolas al olvido colectivo.<\/p>\r\n\r\n\r\n\r\n<p class=\"has-text-align-center\">Una de estas \u00e1reas es la Olla de Caldera, otrora la viga maestra de la Independencia de Chile y un paisaje cruzado por senderos mineros coloniales que se superpon\u00edan al a\u00fan m\u00e1s antiguo &#8220;Camino del Inca&#8221;. Por la Olla pasaba el ahora m\u00edtico Tren Longitudinal o &#8220;Longino&#8221;. Las monta\u00f1as que antes eran vasos comunicantes, representan ahora obst\u00e1culos dif\u00edciles de superar para una sociedad volcada a la inmediatez y la velocidad.<\/p>\r\n\r\n\r\n\r\n<p class=\"has-text-align-center\">Los ciclos mineros desaparecieron y luego fue el turno del ferrocarril, convirti\u00e9ndola en una \u00e1rea aislada, lejana, inh\u00f3spita y con una escasa poblaci\u00f3n, es decir, una &#8220;Terra Inc\u00f3gnita&#8221;, un vasto espacio que hoy las personas casi no reconocen como parte de la Regi\u00f3n de Coquimbo.<\/p>\r\n\r\n\r\n\r\n<p class=\"has-text-align-center\">Este proyecto permitir\u00e1 a la comunidad disponer de elementos de difusi\u00f3n tur\u00edstica y cultural.<\/p>\r\n<p style=\"text-align: center;\">Proyecto Financiado por el Fondo Nacional de Desarrollo Cultural y las Artes<br \/>Convocatoria 2021<a href=\"https:\/\/www.patrimonioolladecaldera.cl\/wp-content\/uploads\/2021\/11\/23_MCAP_RGB-01.png\"><img loading=\"lazy\" decoding=\"async\" class=\"size-medium wp-image-167 aligncenter\" src=\"https:\/\/www.patrimonioolladecaldera.cl\/wp-content\/uploads\/2021\/11\/23_MCAP_RGB-01-300x272.png\" alt=\"\" width=\"300\" height=\"272\" srcset=\"https:\/\/www.patrimonioolladecaldera.cl\/wp-content\/uploads\/2021\/11\/23_MCAP_RGB-01-300x272.png 300w, https:\/\/www.patrimonioolladecaldera.cl\/wp-content\/uploads\/2021\/11\/23_MCAP_RGB-01.png 313w\" sizes=\"auto, (max-width: 300px) 100vw, 300px\" \/><\/a><\/p>\r\n","protected":false},"excerpt":{"rendered":"<p>A pesar de los avances tecnol\u00f3gicos y la conectividad en la que vivimos hoy, donde casi no hay zonas desconocidas, a\u00fan existen espacios que a pesar de su larga historia&#8230; <span class=\"more-link\"><a href=\"https:\/\/www.patrimonioolladecaldera.cl\/\">Leer m\u00e1s<\/a><\/span><\/p>\n","protected":false},"author":1,"featured_media":0,"parent":0,"menu_order":0,"comment_status":"closed","ping_status":"closed","template":"","meta":{"footnotes":""},"class_list":["post-11","page","type-page","status-publish","hentry"],"_links":{"self":[{"href":"https:\/\/www.patrimonioolladecaldera.cl\/index.php?rest_route=\/wp\/v2\/pages\/11","targetHints":{"allow":["GET"]}}],"collection":[{"href":"https:\/\/www.patrimonioolladecaldera.cl\/index.php?rest_route=\/wp\/v2\/pages"}],"about":[{"href":"https:\/\/www.patrimonioolladecaldera.cl\/index.php?rest_route=\/wp\/v2\/types\/page"}],"author":[{"embeddable":true,"href":"https:\/\/www.patrimonioolladecaldera.cl\/index.php?rest_route=\/wp\/v2\/users\/1"}],"replies":[{"embeddable":true,"href":"https:\/\/www.patrimonioolladecaldera.cl\/index.php?rest_route=%2Fwp%2Fv2%2Fcomments&post=11"}],"version-history":[{"count":10,"href":"https:\/\/www.patrimonioolladecaldera.cl\/index.php?rest_route=\/wp\/v2\/pages\/11\/revisions"}],"predecessor-version":[{"id":169,"href":"https:\/\/www.patrimonioolladecaldera.cl\/index.php?rest_route=\/wp\/v2\/pages\/11\/revisions\/169"}],"wp:attachment":[{"href":"https:\/\/www.patrimonioolladecaldera.cl\/index.php?rest_route=%2Fwp%2Fv2%2Fmedia&parent=11"}],"curies":[{"name":"wp","href":"https:\/\/api.w.org\/{rel}","templated":true}]}}